e the greatest common factor of 3765 and 1215.
15
What is the highest common factor of 2665860 and 120?
60
Calculate the greatest common factor of 24 and 1513680.
24
Calculate the highest common factor of 7705 and 2144.
67
Calculate the highest common factor of 146 and 1691702.
146
What is the greatest common divisor of 9510123 and 1567?
1567
Calculate the greatest common divisor of 11826 and 4698.
162
What is the highest common factor of 10520 and 190?
10
Calculate the highest common divisor of 9015 and 2318658.
1803
What is the greatest common factor of 2567 and 1661?
151
What is the greatest common factor of 133 and 64581?
19
What is the greatest common factor of 731563 and 41?
41
What is the greatest common divisor of 7201 and 95?
19
What is the greatest common divisor of 55397 and 2263?
31
What is the greatest common divisor of 4732 and 4407?
13
What is the greatest common divisor of 10190 and 1010?
10
What is the greatest common divisor of 290 and 1460?
10
What is the greatest common divisor of 1 and 9221?
1
What is the greatest common divisor of 1232 and 9977?
11
What is the highest common divisor of 484 and 350108?
44
Calculate the greatest common factor of 85 and 119765.
85
What is the greatest common divisor of 9861 and 171?
57
What is the highest common divisor of 11186 and 141?
47
What is the greatest common divisor of 922419 and 9?
9
What is the greatest common factor of 25186 and 294?
98
Calculate the greatest common factor of 168 and 239652.
84
Calculate the highest common factor of 35475 and 22.
11
What is the greatest common factor of 5690 and 4030?
10
Calculate the greatest common factor of 62 and 653790.
62
Calculate the highest common divisor of 10 and 1272350.
10
Calculate the greatest common factor of 1324992 and 168.
24
Calculate the highest common factor of 7139 and 12100.
121
Calculate the greatest common divisor of 3798161 and 111.
37
Calculate the greatest common divisor of 22 and 1178.
2
Calculate the highest common divisor of 3688 and 424.
8
What is the highest common factor of 916603 and 145?
29
What is the highest common factor of 900 and 1100100?
300
Calculate the highest common divisor of 115 and 3841.
23
What is the highest common divisor of 60 and 3838470?
30
Calculate the greatest common divisor of 26517 and 897.
3
What is the greatest common factor of 43817 and 172?
43
Calculate the highest common divisor of 131167 and 87.
29
What is the highest common divisor of 147006 and 72?
18
What is the highest common factor of 23 and 3662221?
23
Calculate the greatest common divisor of 826958 and 22.
22
What is the highest common factor of 160 and 178280?
40
Calculate the highest common factor of 5561 and 747.
83
Calculate the greatest common divisor of 5104 and 986.
58
Calculate the greatest common factor of 29136 and 48.
48
What is the greatest common factor of 7084 and 1932?
644
Calculate the highest common factor of 102622 and 403.
13
Calculate the highest common factor of 640 and 5752.
8
What is the highest common divisor of 1728 and 57294?
54
What is the greatest common divisor of 15378 and 1342?
22
What is the highest common factor of 925 and 1164575?
925
Calculate the greatest common divisor of 8260 and 39830.
70
Calculate the highest common factor of 445 and 44856.
89
What is the greatest common divisor of 3096 and 12814?
86
What is the greatest common divisor of 4833 and 43227?
27
Calculate the greatest common factor of 354 and 3488493.
177
What is the highest common divisor of 244562 and 34?
34
What is the highest common divisor of 222099 and 707?
101
Calculate the greatest common factor of 5901 and 4263.
21
What is the greatest common divisor of 26883 and 261?
261
What is the highest common factor of 2993 and 4015?
73
What is the highest common divisor of 5520 and 9780?
60
Calculate the greatest common divisor of 3636 and 384.
12
Calculate the greatest common divisor of 265317 and 169.
13
Calculate the highest common factor of 2329 and 685.
137
What is the highest common factor of 147080 and 40?
40
Calculate the greatest common factor of 127434 and 3618.
402
What is the highest common factor of 119 and 169337?
119
What is the greatest common divisor of 314906 and 152?
38
Calculate the greatest common factor of 24648 and 3016.
104
Calculate the greatest common divisor of 1232 and 316052.
44
What is the greatest common factor of 788323 and 30463?
743
Calculate the greatest common divisor of 350048 and 256.
32
What is the greatest common divisor of 833 and 360787?
49
What is the highest common factor of 12 and 1712658?
6
What is the highest common factor of 65 and 404625?
65
Calculate the greatest common factor of 608589 and 513.
171
What is the highest common divisor of 27022 and 4661?
59
What is the highest common divisor of 9045 and 6345?
135
Calculate the greatest common factor of 2097414 and 484.
242
Calculate the greatest common factor of 350262 and 522.
522
Calculate the greatest common divisor of 52 and 2756.
52
Calculate the greatest common divisor of 45649 and 239.
239
What is the greatest common divisor of 4088 and 364?
28
What is the greatest common factor of 330 and 35130?
30
Calculate the greatest common factor of 65800 and 250.
50
Calculate the highest common divisor of 59870 and 30.
10
Calculate the highest common divisor of 2868 and 588.
12
What is the highest common factor of 1030 and 1474445?
515
Calculate the highest common divisor of 137372 and 1220.
244
Calculate the highest common factor of 21 and 39781.
7
What is the highest common factor of 12 and 103617?
3
What is the highest common divisor of 786 and 10359?
3
Calculate the greatest common divisor of 280 and 45752.
56
Calculate the greatest common divisor of 39564 and 1260.
252
What is the greatest common divisor of 43617 and 465?
93
Calculate the highest common factor of 291 and 382277.
97
What is the greatest common divisor of 8983 and 195?
13
Calculate the greatest common factor of 881055 and 945.
315
Calculate the highest common divisor of 86296 and 15617.
161
What is the greatest common divisor of 1500 and 1221750?
750
Calculate the greatest common factor of 154 and 252582.
22
Calculate the highest common divisor of 13208 and 254.
254
Calculate the greatest common factor of 155510 and 10.
10
Calculate the greatest common divisor of 56782 and 88.
22
What is the greatest common factor of 13 and 4537?
13
What is the highest common divisor of 9 and 202770?
9
What is the highest common factor of 168 and 54744?
24
What is the greatest common factor of 8928 and 112?
16
What is the highest common divisor of 188475 and 420?
105
Calculate the highest common divisor of 6415 and 195.
5
What is the highest common divisor of 6400 and 11264?
256
Calculate the highest common divisor of 3616 and 2456.
8
Calculate the highest common divisor of 12951 and 9.
9
Calculate the greatest common divisor of 1917 and 8591.
71
What is the highest common factor of 345678 and 1734?
102
Calculate the greatest common factor of 245 and 540715.
245
Calculate the highest common factor of 6225 and 3525.
75
What is the highest common divisor of 91368 and 14664?
1128
What is the greatest common divisor of 2793 and 27873?
57
What is the greatest common factor of 87742 and 1406?
38
What is the greatest common factor of 104661 and 319?
29
Calculate the greatest common divisor of 112 and 2096.
16
Calculate the highest common divisor of 6535 and 25.
5
Calculate the greatest common factor of 12 and 196602.
6
What is the highest common factor of 224584 and 1072?
536
What is the highest common divisor of 158 and 449115?
79
Calculate the highest common factor of 92209 and 3198.
533
Calculate the greatest common divisor of 1104 and 4008.
24
What is the highest common divisor of 25498 and 532?
38
Calculate the highest common divisor of 999 and 58830.
111
Calculate the highest common divisor of 9 and 5224383.
9
What is the greatest common divisor of 875 and 825?
25
What is the greatest common divisor of 31405 and 335?
5
What is the highest common factor of 260097 and 1086?
543
Calculate the greatest common factor of 2600 and 1448.
8
What is the highest common divisor of 520744 and 119?
119
Calculate the highest common factor of 7388 and 20.
4
What is the highest common fac